(-1). Suppose -5*a + 2*a + 114 = o. Suppose a + 21 = z. What is the tens digit of z?
5
Suppose 93666 = 53*l - 19489. What is the thousands digit of l?
2
Suppose 0 = -2*u + 7*u + 4*r - 4, 4*r - 4 = 0. What is the hundreds digit of (-1 + u)*(-104 - -1)?
1
Suppose 1996 = -2041*r + 2042*r. What is the units digit of r?
6
Suppose -19 - 15 = -g. Let i = g - 22. What is the units digit of (-7)/(-3) + 8/i?
3
Suppose -3*q - 4*n = -14, 0 - 2 = -n. Suppose q*x - 4*x = 0, -5*r + x + 365 = 0. What is the units digit of r?
3
Suppose -2*j + 3*z = j + 6, -3*j + 4*z - 8 = 0. Suppose -2*p + 121 = 3*q - j*p, 4*q + 3*p = 161. What is the units digit of q?
1
Suppose -609 = 9*h - 231. Let o = h + 78. What is the units digit of o?
6
Let y(p) be the second derivative of -p**3/2 + 3*p**2/2 + p. Let b = 211 - 216. What is the units digit of y(b)?
8
Let b(i) be the second derivative of 19/12*i**4 + 1/2*i**2 + 0*i**3 + 0 - 14*i. What is the units digit of b(-2)?
7
Let l(t) = -3*t + 3*t + t + 6*t. What is the units digit of l(1)?
7
Suppose 0 = 20*m + 36*m - 53256. What is the tens digit of m?
5
Suppose 6*h - 908 - 1408 = 0. What is the tens digit of h?
8
Let a = 35 - -4. Suppose -l + a = -12. What is the units digit of l?
1
Suppose -10*u = -91 - 489. What is the tens digit of u?
5
Let u be -1*(-2)/16 + (-718)/(-16). Suppose r - 195 = u. What is the hundreds digit of r?
2
Let z be 36/(42/(-7)) + 54. Let o be (-1 - 2)*176/(-6). Let x = o - z. What is the units digit of x?
0
Suppose 0 = 3*p + 10 - 37. Suppose 2*m + p = 5*m. Suppose -5*u - m*z = -56, -z = 4*u - 6*z - 67. What is the units digit of u?
3
Let l(d) = 9*d**3 + 2*d**2 + 4*d - 14. Suppose 0 = -4*k + 2*y, -2*k - 4*y = -8 - 12. What is the units digit of l(k)?
4
What is the tens digit of ((-10)/(-6) + 374/(-255))*215?
4
Suppose -57*g + 3126 = -51*g. What is the units digit of g?
1
Suppose 0 = 2*s - 5*a - 30, 0 = 2*s - a - 0*a - 38. Suppose -s = 7*y - 11*y. Suppose 0*c - 2*c = 3*g - 85, -y*c = 2*g - 196. What is the units digit of c?
8
Let h be 12/(-54) + (-654)/(-27). Let n(d) = -d**2 - 7*d + 4. Let i be n(-7). Suppose -t = -i*t + h. What is the units digit of t?
8
Let n be (-7)/(2/(3 + 1 - 2)). What is the hundreds digit of (-6 - n)*4*48?
1
Suppose 0 = -97*x + 115*x + 648. Suppose -2*z = 1 + 3. What is the units digit of z + 5/((-20)/x)?
7
Let y(q) = q + 2. Let n be y(-4). Suppose 5*d - d - 40 = 0. What is the units digit of (n - 20/(-8))*d?
5
Suppose -2*j - 2*j + 80 = -b, 5*j - 83 = b. Let p = 149 + b. What is the tens digit of p?
8
Let y be (1 - 1)/(6 + -5). Suppose 2*l - 17 - 19 = y. Suppose -2*g + 4*g - l = 0. What is the units digit of g?
9
Suppose -441 = -2*h - 3*p, 2*h - 2*p = -7*p + 435. Suppose h = -15*m + 20*m. What is the units digit of m?
5
Suppose -2*b - 3 = -11. Suppose -5*l + 3 = -3*d, 5*l - b = 2*d + 2*d. What is the units digit of (d/(-1))/(-2)*-22?
1
Suppose -n - 18 = 2*n. Let d(p) = p**2 - 2*p + 6. What is the units digit of d(n)?
4
Let k be (0 + -1)/((-1)/37) + 0. Suppose 36*w = k*w - 2. What is the units digit of w?
2
Let b(m) = -7*m + 3*m + 15*m**2 - 1 + m + 2*m. What is the units digit of b(-2)?
1
Suppose 0 = -4*x - 3*w + 5, 0*w + w + 7 = 3*x. Let i be (-6)/(-21) + (-52)/(-14). Suppose x*v = n + n + 38, -2*n - 84 = -i*v. What is the tens digit of v?
2
Let a = -3147 - -5249. What is the thousands digit of a?
2
Suppose -16 = -5*q - 6. Suppose -i = q*i + 3*n - 3, 4*i - 5*n - 22 = 0. Suppose z = -5*t + 106, -t - i*z = -8*z - 42. What is the units digit of t?
2
Let i(g) = 39*g**3 + g**2 - 5*g + 21. What is the thousands digit of i(3)?
1
Suppose -3*v + 2 = -v, 0 = -w + v - 718. What is the tens digit of 2/(-3) + w/(-9)?
7
What is the thousands digit of 1/3 - 17080/(-15) - -1?
1
What is the units digit of (-8520)/(-12) - (0 + 7)?
3
Suppose -62*u + 59*u = -5*p - 14932, 5*u + p = 24924. What is the thousands digit of u?
4
Let i = -112 + 159. What is the units digit of i?
7
Let s be (-20)/(-3 - -8) + 0 + -28. Let c(z) = -6*z - 27. What is the tens digit of c(s)?
6
Suppose -2*p = t + 4*t - 152, 5*p + 115 = 4*t. Suppose -3*a + 0*a + t = 0. What is the units digit of (-14)/(-8)*(26 - a)?
8
Suppose 0 = -5*h - r + 10, 4*h + 3*r = -4 + 1. Suppose -4*w - 38 = 2*q, h*w - 101 = 3*q - 2*w. Let o = q - -54. What is the tens digit of o?
2
Let l = -98 + 142. Suppose -5*c - 11 = -66. Suppose l = z - 4*d, -2*d + 97 = 4*z + c. What is the units digit of z?
4
Let f be -1*(-2)/(-4)*-2. Suppose -9*i - 68 = -194. What is the units digit of f/(i/(-8) + 2)?
4
What is the units digit of (3357/(-6))/((-51)/136)?
2
Let z be (-4 + 24)*4/10. What is the tens digit of 75/4 - ((-34)/z - -4)?
1
Let n = -542 + 1230. What is the hundreds digit of n?
6
What is the tens digit of (-3 - 2 - -2)/(1/(-233))?
9
Suppose 6*n - 15 = 3*n + 3*u, -5*u = 4*n + 7. Suppose -v + 9 = n*v. Suppose -v*m + m + 14 = 0. What is the units digit of m?
7
Suppose 62*u = 56*u + 5490. What is the units digit of u?
5
Suppose -23*r - 27*r = -185600. What is the thousands digit of r?
3
Let r be 8/(-10)*115/(-2). Suppose -5*g = -29 - r. Suppose -2*n = -3*n + g. What is the units digit of n?
5
What is the tens digit of 15/2*11554/265?
2
Let y(c) = -c. Let f(m) = 14*m + 17. Let k(s) = f(s) - 4*y(s). What is the tens digit of k(5)?
0
Suppose -2*z - 5*d + 9 = 0, -4*d + 5*d = -2*z + 5. Suppose 3*r + x - 445 = 2*x, -304 = -z*r - 3*x. What is the units digit of r?
9
Let i(p) be the third derivative of 13*p**6/30 - p**5/30 - p**4/12 + p**3/2 - 14*p**2. What is the tens digit of i(1)?
5
Suppose 0 = -7*c + 6*c + 3. Let k(m) = m**c - 8*m - 4*m**2 - 7 + 9*m + 10*m**2. What is the units digit of k(-5)?
3
Suppose 5*z - 6*z = 110. Let g = z - -278. What is the hundreds digit of g?
1
Let x(s) = 56*s - 13. What is the tens digit of x(2)?
9
Let h = -459 - -881. What is the units digit of h?
2
Let a be ((-15)/(-20) - 2)*-4. Let m(b) = b**3 + 2*b**2 - 15*b + 14. What is the tens digit of m(a)?
1
Let m(v) = 2*v**2 + 57*v + 28. What is the units digit of m(-33)?
5
Suppose 1068 = -83*x + 87*x. Let w = x + -126. What is the units digit of w?
1
Let t(n) = n**3 + 9*n**2 + 11*n - 8. Let v be t(-8). What is the hundreds digit of 1 + (-2428)/(-14) - v/56?
1
Let q(u) = 237*u + 14. What is the units digit of q(5)?
9
Let r(z) = -2 + z**2 + 0*z - 1 + z + 0*z**2. Let i be r(2). Suppose -2*f - i*c + 7*c = -126, 5*c + 123 = 2*f. What is the units digit of f?
9
Suppose -9 = -19*t + 16*t. Suppose t*w - 7*y + 2*y - 200 = 0, -w = -3*y - 60. What is the tens digit of w?
7
What is the units digit of 99 - (-7 - (-2 + 0 + -2))?
2
Let v be 1*(14/1 - -1). Suppose 0 = -3*m + v - 3. Suppose -m*t + 73 + 23 = 0. What is the tens digit of t?
2
Let b(d) = d. Let z be b(2). Let v(p) = -22*p - 17. Let x be v(-1). Let l = x + z. What is the units digit of l?
7
What is the hundreds digit of 14928/24 - 6/1?
6
Let r = 63 + 269. What is the units digit of r?
2
Let z(n) = -177*n - 147. What is the hundreds digit of z(-14)?
3
Let h = 49 + -59. What is the hundreds digit of (-2)/10 - 1152/h?
1
Suppose 0 = -9*u + 8628 - 1131. Suppose -l = -8*l + u. What is the units digit of l?
9
Suppose 3*m = -6, 1331 = -0*o + o - 3*m. What is the tens digit of o?
2
Let w(l) = -l. Suppose 0 = 3*h + 3 - 24. Let s be 1/(4 + (-29)/h). What is the units digit of w(s)?
7
Let h(p) = -4*p**2 - 215*p + 27. What is the tens digit of h(-21)?
7
Let d = -200 + 474. What is the units digit of d?
4
Suppose -2*x = 3*c + 9, -3*x - 2*x - 14 = -c. Let u(q) = -q**3 - 3*q**2 - q + 4. Let f be u(x). Let k = 26 - f. What is the tens digit of k?
1
Suppose -14 = h + h. Let d(l) = l**3 + 6*l**2 - 8*l - 1. Let b be d(h). What is the tens digit of (-3)/b*-1*54?
2
Let u(o) = -o**2 - 5*o - 3. Let x be u(-3). Let d be (6*-9)/(1 - x). Let t = d + -17. What is the units digit of t?
0
Let y(o) = -2*o + 9. Let n be y(6). What is the tens digit of -4*(n + -10) - 2?
5
Let p be 2/8 - 105/20. Let s = 0 + p. Let c = 16 + s. What is the units digit of c?
1
Let o(a) = a**3 + 8*a**2 - 8*a + 13. Let l be o(-9). Suppose -l*k - r + 84 + 83 = 0, 3*r + 15 = 0. What is the tens digit of k?
4
Suppose -14 - 2 = -4*o, o = 4*m - 5720. What is the tens digit of m?
3
Let v = 41 + -7. Let x = 18 + v. What is the units digit of x?
2
Let t(g) = 2*g**2 - 11*g + 8. Let a be t(14). Suppose r + a = o